+ w = 111, 0 = -2*v + 2*w + 21 + 47. Suppose 0 = -0*r + 3*r. Suppose -k = k + i - v, i + 1 = r. Is k composite?
True
Suppose 11877 + 14355 = 4*f + 2*s, -s = 3*f - 19672. Let o = f + -3334. Suppose -x + 805 = q, -3*q - 3*x + o = q. Is q composite?
True
Let c = 97032 + -39151. Is c a composite number?
False
Suppose -194188 - 810156 = 44*l. Let s = -8341 - l. Is s prime?
False
Is 55103 + -1 - (5 - (3 + 3)) composite?
False
Let m(t) be the first derivative of 83*t**2/2 + 5*t - 29. Let b be m(6). Suppose -4*f - 5*u + 2001 = 0, -f = -2*u + 6*u - b. Is f composite?
False
Suppose -2*z + 87316 = 24*g - 23*g, -z = -g - 43667. Is z prime?
True
Let r = 4089 + -1685. Suppose 3*a = -v + r, -a + 833 + 1565 = v. Is v a composite number?
True
Suppose -54*x - 2094858 + 7705782 = 0. Suppose -19*f + 277063 + x = 0. Is f composite?
False
Let z(c) = 297*c + 3. Let g be z(1). Suppose -298*x = -g*x + 1774. Is x prime?
True
Let q be 43/2*-42*2294/(-93). Let j = q + -12785. Is j a composite number?
True
Is 3027*((-3255)/(-126) + (-1)/(-2)) prime?
False
Suppose -z - 5*f - 8305 = 4*z, 0 = 5*z - 5*f + 8275. Let g = z - -2829. Is g a prime number?
True
Let y = 30619 - 13002. Is y composite?
True
Let l = -4170 + 25853. Is l prime?
True
Let i = -37558 - -84411. Is i composite?
False
Let l(w) = -w**3 + 39*w**2 - 80*w - 13. Is l(20) prime?
True
Let w be 456/32*(-3296)/12. Let v = w - -5935. Is v a composite number?
True
Suppose -82*u = -17*u - 18569135. Is u a composite number?
True
Let c = 449 - -10824. Is c a composite number?
False
Let q(c) = -6*c + 30. Let m(v) = -6*v + 31. Let r(a) = -3*m(a) + 2*q(a). Let w be r(6). Suppose -5*b = -4*d - 2781, -2*b + 0*d = w*d - 1117. Is b prime?
True
Suppose 5*a - 1266879 = -6*w, -3*a = 2*w + 71134 - 493439. Is w a composite number?
True
Let v(d) be the second derivative of d**5/20 + 7*d**4/4 - 19*d**3/3 - 19*d**2/2 + 6*d + 2. Is v(-18) prime?
True
Let h = 224788 - 139905. Is h a prime number?
False
Let r = 4090 + -315. Suppose -r = -q + 5038. Is q a prime number?
False
Suppose -63*i + 0*i + 18058492 = 61*i. Is i prime?
True
Let o = 45861 + -9408. Suppose o + 864 = 3*l. Is l prime?
False
Let g = 102552 + 3299. Is g prime?
False
Suppose -z = 4, -2*n + 4*n + 3*z + 4 = 0. Let v be 88/5 - n/(-10)*1. Is (-5)/((-30)/v)*(-502)/(-6) prime?
True
Suppose 0 = -25*n - 77801 - 54624. Let p = 1194 - n. Is p a prime number?
True
Suppose 0*y = -4*a + 5*y + 639, 3*a - 523 = -5*y. Let m = -432 - -245. Let x = a - m. Is x composite?
False
Let h(o) = -o**2 + 13*o + 18. Let k be h(14). Suppose -k*v - 2970 = 5*j, -3*v + 6*v + 605 = -j. Let d = j + 1672. Is d prime?
False
Suppose 2*p - 6 = -0*x + x, 6 = 2*p + 3*x. Suppose -3387 = p*g - 11574. Is g a composite number?
False
Suppose -a + 69200 = q, 5*a - 4*q - 41753 = 304238. Is a composite?
True
Suppose -2094 = y - 3*i, 0*y + i - 6290 = 3*y. Let l = y - -3587. Suppose -2*s + l = 2*r, -3*s - 2*r - 2*r = -2231. Is s a prime number?
False
Let w = 28175 + -5184. Is w prime?
False
Is 2987002/42 + (-452)/4746 a composite number?
False
Let d = 542 + -494. Suppose -d*o = -97075 - 43997. Is o a prime number?
True
Let v(r) = 204*r**2 + 16*r + 4. Let y be v(5). Let q = y - 1941. Let o = -2092 + q. Is o a prime number?
True
Suppose 5*o - 95159 = -4*z, 3*o - z - 46848 = 10244. Is o a prime number?
True
Let v = -6192 + 26509. Is v a prime number?
False
Let a(s) = 44486*s - 33. Let v(x) = 44487*x - 32. Let y(j) = 3*a(j) - 4*v(j). Is y(-1) prime?
True
Suppose 13 = -k - 14. Is ((-36)/k)/(-4) - (-58692)/9 a prime number?
True
Let s(p) = p**3 + 26*p**2 - p - 24. Let w be s(-26). Suppose 5*u - 5284 = -4*b + 24717, 2 = w*u. Is b prime?
True
Is (-11296558)/(-286) + (-12)/(-22) prime?
True
Let x = 9819 - 4108. Is x a composite number?
False
Is (-4082480)/288*-6*3 a composite number?
True
Is (928678686/7293)/(4/22) prime?
True
Let g be (-44)/(-6)*(-12210)/20. Suppose 4*d + 2649 = 2*w - 12703, -d = -5*w + 38398. Let u = g + w. Is u a composite number?
False
Let a(f) = 155*f**3 + 2*f**2 - f + 1. Let n(z) = -155*z**3 - z**2 + z - 1. Let h(t) = -5*a(t) - 4*n(t). Is h(-3) composite?
False
Is (1 + 1)/((2/187754)/((-8)/(-16))) prime?
False
Let f = 985000 + -435719. Is f a composite number?
False
Let i be (-12)/3*(-211)/2. Let k = 1307 - i. Suppose 2*z - 1049 = k. Is z a prime number?
True
Let z(y) = 51*y**2 + 35*y - 955. Is z(34) a composite number?
True
Let y = 55 + -51. Suppose y*r - 111 = m, 0 = -2*m + 3*r - 2*r - 201. Let w = 254 + m. Is w prime?
False
Suppose 50*z + 9731744 = 158*z - 10023724. Is z a prime number?
True
Is 0 + -1 - (-25548 + 636) prime?
False
Let g = 119244 - 49475. Is g a composite number?
True
Let v = 70 - 65. Let q(j) = -68*j - 5. Let k(p) = 5*p. Let f(r) = v*q(r) + 40*k(r). Is f(-6) prime?
False
Is 40/(-15) - ((-29994460)/12)/17 prime?
True
Let j = -34 - -36. Let s be 5 - (-4)/((-8)/j). Suppose x - 9659 = -s*x + 4*b, 3*b = -3. Is x a prime number?
True
Let v(g) = g**3 + 33*g**2 - 82*g - 55. Is v(48) a prime number?
False
Is (-1)/((-194134)/452963 + 2 + 22/(-14)) composite?
False
Let i be (-3)/(-21) + 34/7. Suppose -i*y + 4*j = -4095, 4 = -j - 1. Is y composite?
True
Let n be (-4)/(892/(-4095) + 6/27). Let k = n + 1451. Is k prime?
True
Let g(u) be the first derivative of 445*u**4/4 + 69. Let l(b) = b**2 - 8*b + 8. Let h be l(7). Is g(h) composite?
True
Is ((-41793111)/45)/3*-1*5 prime?
True
Suppose 1232*h = 1233*h - 149797. Is h a composite number?
True
Let k(m) = -3*m + 47. Let s be k(14). Suppose 2302 = -s*u + 7*u. Is u prime?
True
Let a = 426 + -426. Is 1*((a - -3) + 1 - -5565) prime?
True
Let g(q) = -96*q**2 - 2 + 76*q**2 - 10*q + 458*q**2. Let f be g(-3). Suppose -m - 4*m = -f. Is m prime?
False
Let v = 218 + -204. Suppose c = 3, -y + 1063 = 12*c - v*c. Is y a prime number?
True
Let v(g) = -36*g**3 + 2*g**2 - 1. Let u be v(2). Let i be (8 - -92)/(2/(-14)*-1). Let x = i + u. Is x prime?
True
Let h(w) = 3009*w**2 - 86*w - 2578. Is h(-21) a prime number?
True
Let x = 2110 - -1610. Let y = x - 1519. Is y prime?
False
Let f = -2868 - -6517. Is f a prime number?
False
Suppose 473*t - 743154 = 415*t. Is t composite?
True
Let v be (310254/4)/((-24)/(-32)). Is (-2)/(-9) + v/126 a prime number?
True
Let g(j) = -768*j**2 - 23*j - 7. Let p be g(-4). Let c = 22398 + p. Is c a composite number?
True
Let t be (-3 - 14)/((-2)/22). Let y = t - -82. Is y a prime number?
True
Suppose 14*r - 615551 = 458011. Is r composite?
True
Let o(n) = n + 79. Suppose 4*z - 4*x - 40 = 0, -5*z - x - 3*x = -5. Suppose -3*l - 3*t + 9 = -l, -3*l - 15 = -z*t. Is o(l) prime?
True
Let a(t) = -t**3 + 14*t**2 - 6. Suppose -3*z = -50 + 14. Let b be 5 + 1 + z + -11. Is a(b) a prime number?
True
Let q(c) = 3*c**3 - 166*c**2 + 90*c - 114. Is q(59) composite?
False
Let u(k) = -9589*k - 224. Is u(-15) prime?
False
Let v(i) = -43*i - 292. Let z be v(-7). Is ((-618)/z)/((-10)/1065) a prime number?
False
Suppose 6*t + 3*n = -21, -5*n + 17 = -t - 2*t. Is 20604/2 + (t - (-3)/1) prime?
True
Let f(x) = 799*x**2 + 101*x - 5. Is f(9) a prime number?
False
Is ((-252)/(-8))/(-9)*(-2056868)/154 prime?
True
Suppose 0 = 96*q - 104*q + 82584. Suppose u = 5*v - 10800, 4*v + 1712 - q = -5*u. Is v composite?
True
Let h = 379652 - 67599. Is h prime?
False
Suppose 34*b = 9*b + 300. Suppose -9161 = b*s - 72893. Is s composite?
True
Suppose -5*h = -297095 - 29130. Is h composite?
True
Let p(f) = 4*f**2 - 3*f + 3. Let h be p(2). Suppose 0 = -h*r + 7*r + 8214. Is r prime?
False
Suppose q - 2*p + 2 = 2*q, -q = -2*p - 22. Suppose 14 = -5*j + q*j. Suppose 0*g - 4*f = -g + 37, -j*f + 13 = g. Is g a prime number?
False
Is 28/(-8)*2574012/(-147) composite?
True
Let u = 244589 - 155448. Is u prime?
False
Let p be (1 + 0)/(6/(-24)). Is p - (0 + -4) - -611 a prime number?
False
Suppose 0*a = 9*a - 27. Suppose -b + 1583 = -a*u, 2*u - u - 3138 = -2*b. Is b composite?
False
Let f = -141350 + 223837. Is f prime?
True
Suppose v - r = 4867 + 58700, 3*v + r = 190725. Is v composite?
True
Let l be (1 + -3)/(-1 - (-4 + 1)). Is (1*422/(-2))/l a composite number?
False
Is 0 + (-4225548)/(-44) + (40/22 - 2) prime?
False
Is 4/(-38)*(-3776103130)/1220 a composite number?
False
Let y = -67 + 70. Suppose -5*m - 3*f = -6*f - 22, -2*f = y*m - 17. Is ((-6)/m)/((-16)/73240) prime?
False
Suppose 0*v = -q - 